 Let k be s(-4). What is the remainder when 2/(-3)*21/(-28)*k is divided by 21?
17
Let b(g) = -10*g + 31*g - 2*g + 45*g - 23. Let x be b(5). Suppose 2 = -5*q + x. What is the remainder when q is divided by 21?
17
Let r = -6923 + 7116. What is the remainder when r is divided by 175?
18
Let c(g) = g**2 - g - 3. What is the remainder when c(6) is divided by 9/((-40)/220*-11 - -1)?
0
Let o = 47 + -42. Suppose 5*z - 24 = -m - m, o*m - 30 = -5*z. What is the remainder when (13*m/4)/(7/14) is divided by 9?
4
Suppose 5*t + 107 = 4*w, -3*w = 5*t - 148 + 24. Let m(v) = -v**2 + 33*v + 17. What is the remainder when m(w) is divided by 13?
4
Let s = -43479 + 43483. What is the remainder when (-4)/(-4)*38/2 is divided by s?
3
Suppose -3*b - 4433 = -8*b + 2*g, 3*g = 6*b - 5322. Calculate the remainder when b is divided by 24.
21
Let r(c) = -c**3 - 2*c**2 + 2*c + 2. Suppose -20*g - 2*a = -15*g + 13, -5*a - 16 = -4*g. What is the remainder when r(-4) is divided by 9/2*(g + 3)?
8
Suppose 27*c - 74 - 1762 = 0. What is the remainder when 879 is divided by c?
63
Let t(p) = -3*p - 2*p - p**2 + 7 - 4*p. What is the remainder when (-3156)/(-75) + (-4)/50 is divided by t(-8)?
12
Suppose 4*l + 0*l - 6 = 2*d, 4*d = -5*l + 40. Suppose 0 = 48*w + l*w - 7020. What is the remainder when w is divided by 34?
33
Calculate the remainder when 4673 is divided by ((-96)/128)/((-6)/12448).
5
Let q(j) = -8*j**2 + j**3 - 6*j + 9*j**2 + 8*j. Let l be q(0). What is the remainder when (0 - l) + (-15)/10*-14 is divided by 13?
8
Let w = -124 + 956. What is the remainder when w is divided by 6?
4
Let c(o) = -12*o - 169. Let h(b) = b - 26. Let q be h(0). Calculate the remainder when c(q) is divided by 49.
45
Suppose 13*u = -744 + 3019. Suppose 0 = -12*b + 161 + u. Suppose -56*w + b = -54*w. Calculate the remainder when w is divided by 3.
2
Let w be 6/4*(10/(-15) - -4). Suppose -w*y - 12 - 8 = 0. What is the remainder when (32 + 1)/(-3*y/36) is divided by 25?
24
Suppose -2*u = -2*d + 8, 2*d = 2*u + 3*u + 2. Suppose -3*t - 29 = -m - d*t, 3*m + 4*t = 87. What is the remainder when m is divided by 11?
7
Let c be ((-8)/(-16)*-62)/1. Let u(f) = f**3 + 31*f**2 - 14*f - 181. What is the remainder when u(c) is divided by 64?
61
Suppose -3*o + 4*c = 3*c - 13, o = 5*c + 9. Suppose 2*b - h = 70, -o*b - 6*h + 160 = -3*h. Let m = b + -33. Calculate the remainder when m is divided by 1.
0
Let u(y) = y**2 + 10*y + 6. Let a be u(-10). Suppose 4*o = 3*i + 73, -5*o - a*i + i + 135 = 0. What is the remainder when 259 is divided by o?
17
Let g = -1258 - -1681. What is the remainder when 856 is divided by g?
10
Suppose -2*f = 231*h - 226*h + 19, -2*f = 4*h + 14. Suppose 3*l = 4*t - l - 120, -t - 3*l = -14. What is the remainder when t is divided by f?
2
Suppose i = -3*i + 156. Let a = 399978 + -399862. Calculate the remainder when a is divided by i.
38
Let a be -10 + 18 + (2 - 5). Suppose -5*w + 125 = 4*b, 20 = a*b - 3*w - 90. What is the remainder when 66 is divided by b?
16
Let u(k) = -3*k**3 + 51*k**2 - 192*k. What is the remainder when 244 is divided by u(11)?
46
Let a(b) = -b - 7*b + 0*b + 7*b + 3. Let i be a(7). Let q(f) = -f**3 - 2*f**2 - 3*f - 6. What is the remainder when q(i) is divided by 13?
12
Let j = -5456 - -5469. Calculate the remainder when j is divided by 7.
6
Let l = -29 + 97. Suppose 22 = d + p, -3*p + 5 = -4. What is the remainder when (-2 + l/(-5))/(3/(-10)) is divided by d?
14
Suppose 2*o - 457 = -4*r - 119, 0 = -2*o - 14. Suppose 0 = -a + 3*s + 40, -2*a + 3*s + 70 = -s. What is the remainder when r is divided by a?
13
Suppose -2*y + 4*p = -22, -3*y - 2 = -p - 20. Suppose -3*q = 2*g - 23, 3*q + 70 = y*g - 2*q. What is the remainder when 61 is divided by g?
9
Let s(w) = w**2 - 10. Let c be s(-5). Suppose 94 = c*k - 41. Suppose 0 = -3*f + k + 12. What is the remainder when 47 is divided by f?
5
Let n = -28 - -28. Let g be 0/(4 + n + -3). Calculate the remainder when 225/3 + g + -2 is divided by 25.
23
Suppose 4*a + 57 - 497 = 0. Suppose j = -8*b + 6*b + 10, 5*j = 0. Suppose 336 = b*y + 16*y. Calculate the remainder when a is divided by y.
14
Let g = -1479 + 1593. Calculate the remainder when 6610 is divided by g.
112
Let m(a) = -2*a - 35. Let u = -16 - 1. Let l be m(u). Calculate the remainder when 2*(l - (-42)/4) is divided by 13.
6
What is the remainder when (360/(-112) + 185/(-35) + 5)*-310 is divided by 24?
5
Suppose -m - 31*u = -35*u + 16, 5*m - 4*u = 0. Suppose m*d = 3*d - 3*j + 9, 5*d + j = 115. Calculate the remainder when 44 is divided by d.
20
Suppose 3*j + 52 = 6*s - 320, -3*j = 2*s - 108. Let b = 23 - 14. What is the remainder when s is divided by b?
6
Suppose -5*a + c = -17791 + 2773, 0 = -4*a - 3*c + 12041. Calculate the remainder when a is divided by 188.
185
Let c(p) = 3*p**2 + p - 2. Suppose 5*a - 2 = 4*a. Suppose 44 = m - 4*b, a*m + 2*m - 111 = 3*b. Calculate the remainder when c(-5) is divided by m.
20
What is the remainder when -152*62*(-209)/968 + 3/11 is divided by 60?
55
Let j = 261 - 205. Suppose 69*w - 74*w = -4*p + j, 0 = 4*w - 16. What is the remainder when 662 is divided by p?
16
Let x be -386 - 8/(-16)*-8. Let k = 468 + x. Suppose -2*l - 5 + 25 = 0. What is the remainder when k is divided by l?
8
Suppose 0 = b - 5*r - 47, 0 = 4*b - 2*b + 2*r - 94. What is the remainder when (-35)/2*(-321)/2247*276/5 is divided by b?
44
Calculate the remainder when 174/15 + -12 - 4148/(-20) is divided by 75.
57
Suppose 11*m - 15 = 7. Suppose -l - 3*i + 6 = 0, 3*l + 0 - 7 = 2*i. Calculate the remainder when (7/m + -3)*14 is divided by l.
1
Let g = -21891 + 21907. What is the remainder when 2328 is divided by g?
8
Suppose 315*g = -207*g + 40*g + 297876. What is the remainder when g is divided by 103?
0
Let j be 4710*(-5 - -4)*(6 + -7). Suppose 32*y - j = 2*y. Let q = -15 + 31. Calculate the remainder when y is divided by q.
13
Suppose -h = -1611 + 1556. Let g be (-60)/(-25)*(-170)/(-4). Suppose -5*r - a = -255 - 285, -r + g = -a. What is the remainder when r is divided by h?
52
Suppose -3*b = -366 + 57. Let j be (912/176 - (-2)/(-11))/(-1). Calculate the remainder when b is divided by ((-540)/4)/j + -1.
25
Let k(a) be the second derivative of -a**4/3 + 8*a**3 + 13*a**2/2 + 14*a. Calculate the remainder when 116 is divided by k(12).
12
Suppose 6*d + 13*d - 365 = 300. What is the remainder when 1395 is divided by d?
30
Suppose -30 = 2*r - 4*d, -d - 42 = -r + 6*r. Let m(a) = -a - 20. Let o be m(r). Calculate the remainder when (-2)/o - (-2952)/99 is divided by 19.
11
Suppose 5*o - 20 = 0, -3*a = -2*a - 8*o - 310. Calculate the remainder when 1087 is divided by a.
61
Let x be 161 + 0 - 3/(2 - -1). Suppose -3*t = b - 37, -6*b + 30 + x = 2*t. Calculate the remainder when b is divided by 5.
1
Let j(v) = 3*v**2 - 4*v - 1. Let x(f) = -2*f - 5 + 28*f**2 + f**2 - f**3 - 18*f**2 - 16*f. What is the remainder when x(6) is divided by j(3)?
11
Let m be 0/(6/3) + 28. Let b be 3/15*-5 + -1 + 2. Suppose b = -i - 3*i + m. Calculate the remainder when 32 is divided by i.
4
Let x = 16567 + -16394. Calculate the remainder when 23699 is divided by x.
171
Let b(i) = -81*i - 283. What is the remainder when b(-16) is divided by 26?
25
Suppose 12*r - r - 209 = 0. Suppose s - 4*k = 37, 2*s - 14*k = -r*k + 113. What is the remainder when s is divided by 11 + 1 - (0 + 1)?
5
Suppose 144 = 12*k + 6*k. Calculate the remainder when (9/(-3))/(2/(-44)) is divided by (6/k)/((-249)/(-7636)).
20
Let b(l) = 3*l**2 + 17*l + 61. Let o be 5 + 3/3 + -1. Suppose 0*k - o*k + 115 = 0. Calculate the remainder when b(-6) is divided by k.
21
Suppose -51*n + 52*n - 283 = -3*t, -t = -5*n + 1511. Calculate the remainder when n is divided by 293.
8
Suppose 0 = -55*v - 105*v - 111909 + 321669. What is the remainder when v is divided by 14?
9
Let p be (-3)/(-18) + 1592/(-48). Suppose 10 = 2*c, -y - 3*y = 3*c - 231. What is the remainder when 44 is divided by ((-22)/p)/(4/y) + 0?
8
Let k = -4818 + 4822. What is the remainder when 34 is divided by k?
2
Suppose 0 = -309*g + 318*g - 10152. What is the remainder when g is divided by 1125?
3
Suppose 156 = 6*f + 24. Let d = 36 + f. What is the remainder when d is divided by 44?
14
Calculate the remainder when 2527 is divided by 2/4 - (-855)/90.
7
Let o(d) = 13*d**2 - 17*d - 1. Let x = -871